{"id":213,"date":"2022-11-30T05:23:24","date_gmt":"2022-11-30T04:23:24","guid":{"rendered":"https:\/\/www.sprachschule-aktiv-muenchen.de\/studieren-in-muenchen\/?page_id=213"},"modified":"2023-10-10T11:00:43","modified_gmt":"2023-10-10T09:00:43","slug":"mobilitaet-fuer-auslaendische-studenten-in-muenchen-das-fahrrad","status":"publish","type":"page","link":"https:\/\/www.sprachschule-aktiv-muenchen.de\/studieren-in-muenchen\/mobilitaet-fuer-auslaendische-studenten-in-muenchen-das-fahrrad\/","title":{"rendered":"Mobilit\u00e4t f\u00fcr ausl\u00e4ndische Studenten in M\u00fcnchen &#8211; das Fahrrad"},"content":{"rendered":"<p>[vc_row css=&#8221;.vc_custom_1696928434158{margin-top: 40px !important;margin-bottom: 40px !important;}&#8221;][vc_column][vc_row_inner][vc_column_inner width=&#8221;1\/2&#8243;][vc_column_text]<iframe title=\"YouTube video player\" src=\"https:\/\/www.youtube.com\/embed\/zm2-_daceVQ\" width=\"560\" height=\"315\" frameborder=\"0\" allowfullscreen=\"allowfullscreen\"><\/iframe>[\/vc_column_text][\/vc_column_inner][vc_column_inner width=&#8221;1\/2&#8243;][vc_column_text]M\u00fcnchens Verkehrsmittel wie S-, U- und Trambahnen erstrecken sich \u00fcber ganz M\u00fcnchen und schlie\u00dfen auch das Umland mit ein. Das macht die Nutzung eines Autos meist \u00fcberfl\u00fcssig. Mit Hilfe des Semestertickets sind die genannten Verkehrsmittel im Gesamtnetz MVV mit ungef\u00e4hr 200 Euro relativ g\u00fcnstig. Doch \u00fcberf\u00fcllte U-Bahnen am Morgen und zahlreiche Versp\u00e4tungen bei S-Bahnen sorgen nicht selten f\u00fcr Frust bei international Studierenden. Schlie\u00dflich will man weder zum Seminar noch zu einer Vorlesung oder einer Party zu sp\u00e4t kommen. Hier ist das beste Mobilit\u00e4tsmittel bei zulassenden Wetterbedingungen das Fahrrad. In diesem Artikel geben wir euch Tipps rund um das Thema mobil sein mit dem Fahrrad in M\u00fcnchen.[\/vc_column_text][\/vc_column_inner][\/vc_row_inner][vc_column_text]<\/p>\n<h2>Wo finde ich als Student aus dem Ausland ein g\u00fcnstiges Fahrrad in M\u00fcnchen?<\/h2>\n<p>Wenn Sie in einem Wohnheim des Studentenwerks untergebracht sind, sollten Sie zuerst die Wohnheimselbstverwaltung fragen. Nicht selten ist es der Fall, dass Fahrr\u00e4der, die lange ungenutzt auf einem Stellplatz stehen, von der Verwaltung eingesammelt werden. Meldet sich der Original-Besitzer auf Nachfrage nicht, werden diese fahrbaren Unters\u00e4tze an andere Studenten entweder zu einem sehr geringen Preis verkauft oder sogar verschenkt. Dar\u00fcber hinaus gibt es in M\u00fcnchen einmal j\u00e4hrlich einen Radlflohmarkt. Der Zugang zu dem Flohmarkt ist kostenfrei, doch muss man sich vorher anmelden.<br \/>\n[\/vc_column_text][vc_row_inner][vc_column_inner width=&#8221;1\/2&#8243;][vc_column_text]<img decoding=\"async\" class=\"size-full wp-image-214\" src=\"https:\/\/www.sprachschule-aktiv-muenchen.de\/studieren-in-muenchen\/wp-content\/uploads\/2022\/11\/mobilitaet-fuer-auslaendische-studenten-in-muenchen-das-fahrrad.webp\" alt=\"Mobilit\u00e4t f\u00fcr ausl\u00e4ndische Studenten in M\u00fcnchen - das Fahrrad\" width=\"770\" height=\"723\" srcset=\"https:\/\/www.sprachschule-aktiv-muenchen.de\/studieren-in-muenchen\/wp-content\/uploads\/2022\/11\/mobilitaet-fuer-auslaendische-studenten-in-muenchen-das-fahrrad.webp 770w, https:\/\/www.sprachschule-aktiv-muenchen.de\/studieren-in-muenchen\/wp-content\/uploads\/2022\/11\/mobilitaet-fuer-auslaendische-studenten-in-muenchen-das-fahrrad-300x282.webp 300w, https:\/\/www.sprachschule-aktiv-muenchen.de\/studieren-in-muenchen\/wp-content\/uploads\/2022\/11\/mobilitaet-fuer-auslaendische-studenten-in-muenchen-das-fahrrad-768x721.webp 768w\" sizes=\"(max-width: 770px) 100vw, 770px\" \/>[\/vc_column_text][\/vc_column_inner][vc_column_inner width=&#8221;1\/2&#8243;][vc_column_text]<\/p>\n<h2>Wie kontrolliere ich mein Fahrrad auf Fahrt\u00fcchtigkeit oder kann es preiswert reparieren?<\/h2>\n<p>In vielen Stadtvierteln der bayerischen Landeshauptstadt gibt es regelm\u00e4\u00dfig gratis Fahrrad-Sicherheitschecks. Die Termine mit Adresse daf\u00fcr und f\u00fcr den Radlflohmarkt finden Sie unter: <a href=\"https:\/\/muenchenunterwegs.de\/angebote\/verkehrsmittel\/fahrrad\" target=\"_blank\" rel=\"noopener\">https:\/\/muenchenunterwegs.de\/angebote\/verkehrsmittel\/fahrrad<\/a>.<\/p>\n<p>Au\u00dferdem gibt es auch Werkst\u00e4tten, in denen man sein Fahrrad eigenst\u00e4ndig, jedoch unter Anleitung von Experten reparieren kann. Ein Beispiel ist die Selbsthilfewerkstatt in der Platenstra\u00dfe 4, <a href=\"https:\/\/www.adfc-muenchen.de\/service\/selbsthilfewerkstatt\/\" target=\"_blank\" rel=\"noopener\">https:\/\/www.adfc-muenchen.de\/service\/selbsthilfewerkstatt\/<\/a>. Jeden Donnerstag von 17 bis 19 Uhr k\u00f6nnen Sie gegen eine Geb\u00fchr von 10 \u20ac die Werkstatt nutzen. Eine weitere gute Anlaufstelle daf\u00fcr ist auch der Radlkeller im Bellevue di Monaco <a href=\"https:\/\/bellevuedimonaco.de\/radlkeller\/\" target=\"_blank\" rel=\"noopener\">https:\/\/bellevuedimonaco.de\/radlkeller\/<\/a>.[\/vc_column_text][\/vc_column_inner][\/vc_row_inner][vc_column_text]<\/p>\n<h2>G\u00fcnstig und spontan ein Fahrrad mieten &#8211; das Mietrad-System der MVG<\/h2>\n<p>Das Mietrad-System der MVG stellt \u00fcber 4000 R\u00e4der in der Stadt selbst sowie im Landkreis zur Verf\u00fcgung. Um so ein MVG Rad zu nutzen, m\u00fcssen Sie nur ein paar Schritte befolgen:<\/p>\n<ul>\n<li>laden Sie die kostenlose App MVGO herunter,<\/li>\n<li>registrieren Sie sich,<\/li>\n<li>lassen Sie sich von der App das n\u00e4chstgelegene MVG-Rad anzeigen,<\/li>\n<li>geben Sie anschlie\u00dfend die PIN aus der App am Bordcomputer ein<\/li>\n<\/ul>\n<p>und schon k\u00f6nnen Sie losfahren. Normalerweise kostet eine Minute 8 Cent. Die Kosten sind jedoch g\u00fcnstiger f\u00fcr Studenten, welche ein Isarcard Abo haben. Sollten Sie das Mietradl f\u00fcr einen l\u00e4ngeren Ausflug nutzen, zahlen Sie nicht mehr als 12 Euro pro Tag. Sie k\u00f6nnen das Fahrrad innerhalb M\u00fcnchens \u00fcberall im Gesch\u00e4ftsgebiet abstellen, im Landkreis nur an Radstationen. Alle Infos finden Sie hier: <a href=\"https:\/\/www.mvg.de\/services\/mvg-rad.html\" target=\"_blank\" rel=\"noopener\">https:\/\/www.mvg.de\/services\/mvg-rad.html<\/a>.<\/p>\n<h2>Welche Regeln m\u00fcssen international Studierende beim Fahrradfahren in M\u00fcnchen beachten?<\/h2>\n<p>In M\u00fcnchen gibt es zahlreiche Radwege, die zwischen dem Fu\u00dfg\u00e4ngerweg und der Stra\u00dfe verlaufen. Fr\u00fcher war es verpflichtend, diese Radwege zu nutzen. Mittlerweile wurde dieses Gebot aufgehoben, da laut Statistik Fahrradfahrer auf der Stra\u00dfe sicherer sind, weil Sie von Autofahren besser gesehen werden. Nur wenn der Radweg mit einem blauen Schild plus wei\u00dfem Radsymbol gekennzeichnet ist, m\u00fcssen Fahrradfahrer auf diesem bleiben. Das Fahrradfahren in Fu\u00dfg\u00e4ngerzonen ist nur zwischen 21 Uhr abends und 9 Uhr morgens erlaubt. Nat\u00fcrlich sollte man generell umsichtig, defensiv und nicht zu schnell fahren, beim Abbiegen Handzeichen geben und die Fu\u00dfg\u00e4ngerwege meiden.<\/p>\n<h2>Ausflugstipp mit dem Fahrrad f\u00fcr ausl\u00e4ndische Studenten &#8211; der M-Wasserweg<\/h2>\n<p>Der M-Wasserweg ist eine besondere Radltour. Er ist beschildert und erstreckt sich \u00fcber 68 km vom Deutschen Museum bis nach Gmund am Tegernsee. Dabei verl\u00e4uft er an Stationen der Trinkwasserversorgung M\u00fcnchens. Auf Infotafeln wird Wissenswertes dar\u00fcber erkl\u00e4rt, wie das Trinkwasser nach M\u00fcnchen gelangt. Landschaftlich idyllisch schl\u00e4ngelt sich dieser Ausflugsweg f\u00fcr das Fahrrad \u00fcber Schotterwege und kleine Stra\u00dfen weit weg vom urbanen Trubel. Infos unter: <a href=\"https:\/\/www.radtourenchef.de\/radwege\/m-wasserweg\/\" target=\"_blank\" rel=\"noopener\">https:\/\/www.radtourenchef.de\/radwege\/m-wasserweg\/<\/a>. Also rauf aus Rad und viel Spa\u00df!<\/p>\n<h3>Weitere interessante Themen:<\/h3>\n<ul>\n<li><a href=\"https:\/\/www.sprachschule-aktiv-muenchen.de\/deutsch-lernen\/\" target=\"_blank\" rel=\"noopener\">G\u00fcnstig Deutsch lernen<\/a><\/li>\n<li><a href=\"https:\/\/www.sprachschule-aktiv-muenchen.de\/studieren-in-muenchen\/hilfe-fuer-auslaendische-studierende\/\">Studentenvereinen in M\u00fcnchen &#8211; Hilfe f\u00fcr ausl\u00e4ndische Studenten<\/a><\/li>\n<\/ul>\n<p>[\/vc_column_text][\/vc_column][\/vc_row]<\/p>\n","protected":false},"excerpt":{"rendered":"<p>[vc_row css=&#8221;.vc_custom_1696928434158{margin-top: 40px !important;margin-bottom: 40px !important;}&#8221;][vc_column][vc_row_inner][vc_column_inner width=&#8221;1\/2&#8243;][vc_column_text][\/vc_column_text][\/vc_column_inner][vc_column_inner width=&#8221;1\/2&#8243;][vc_column_text]M\u00fcnchens Verkehrsmittel wie S-, U- und Trambahnen erstrecken sich \u00fcber ganz M\u00fcnchen und schlie\u00dfen auch das Umland mit ein. Das macht die Nutzung eines Autos meist \u00fcberfl\u00fcssig. Mit Hilfe des Semestertickets sind die genannten Verkehrsmittel im Gesamtnetz MVV mit ungef\u00e4hr 200 Euro relativ g\u00fcnstig. Doch \u00fcberf\u00fcllte U-Bahnen am&hellip; <a class=\"read-more\" href=\"https:\/\/www.sprachschule-aktiv-muenchen.de\/studieren-in-muenchen\/mobilitaet-fuer-auslaendische-studenten-in-muenchen-das-fahrrad\/\" title=\"Read Mobilit\u00e4t f\u00fcr ausl\u00e4ndische Studenten in M\u00fcnchen &#8211; das Fahrrad\">Read more &raquo;<\/a><\/p>\n","protected":false},"author":2,"featured_media":0,"parent":0,"menu_order":0,"comment_status":"closed","ping_status":"closed","template":"","meta":{"footnotes":""},"class_list":["post-213","page","type-page","status-publish","hentry"],"yoast_head":"<!-- This site is optimized with the Yoast SEO plugin v21.4 - https:\/\/yoast.com\/wordpress\/plugins\/seo\/ -->\n<title>Mobilit\u00e4t f\u00fcr Studenten in M\u00fcnchen - das Fahrrad<\/title>\n<meta name=\"description\" content=\"Tipps f\u00fcr ausl\u00e4ndische Studenten zum Thema mobil sein mit dem Fahrrad in M\u00fcnchen: g\u00fcnstig ein Fahrrad kaufen, mieten &amp; reparieren.\" \/>\n<meta name=\"robots\" content=\"index, follow, max-snippet:-1, max-image-preview:large, max-video-preview:-1\" \/>\n<link rel=\"canonical\" href=\"https:\/\/www.sprachschule-aktiv-muenchen.de\/studieren-in-muenchen\/mobilitaet-fuer-auslaendische-studenten-in-muenchen-das-fahrrad\/\" \/>\n<meta property=\"og:locale\" content=\"de_DE\" \/>\n<meta property=\"og:type\" content=\"article\" \/>\n<meta property=\"og:title\" content=\"Mobilit\u00e4t f\u00fcr Studenten in M\u00fcnchen - das Fahrrad\" \/>\n<meta property=\"og:description\" content=\"Tipps f\u00fcr ausl\u00e4ndische Studenten zum Thema mobil sein mit dem Fahrrad in M\u00fcnchen: g\u00fcnstig ein Fahrrad kaufen, mieten &amp; reparieren.\" \/>\n<meta property=\"og:url\" content=\"https:\/\/www.sprachschule-aktiv-muenchen.de\/studieren-in-muenchen\/mobilitaet-fuer-auslaendische-studenten-in-muenchen-das-fahrrad\/\" \/>\n<meta property=\"og:site_name\" content=\"Studieren in M\u00fcnchen\" \/>\n<meta property=\"article:modified_time\" content=\"2023-10-10T09:00:43+00:00\" \/>\n<meta property=\"og:image\" content=\"https:\/\/www.sprachschule-aktiv-muenchen.de\/studieren-in-muenchen\/wp-content\/uploads\/2022\/11\/mobilitaet-fuer-auslaendische-studenten-in-muenchen-das-fahrrad.webp\" \/>\n<meta name=\"twitter:card\" content=\"summary_large_image\" \/>\n<meta name=\"twitter:label1\" content=\"Gesch\u00e4tzte Lesezeit\" \/>\n\t<meta name=\"twitter:data1\" content=\"4\u00a0Minuten\" \/>\n<script type=\"application\/ld+json\" class=\"yoast-schema-graph\">{\"@context\":\"https:\/\/schema.org\",\"@graph\":[{\"@type\":\"WebPage\",\"@id\":\"https:\/\/www.sprachschule-aktiv-muenchen.de\/studieren-in-muenchen\/mobilitaet-fuer-auslaendische-studenten-in-muenchen-das-fahrrad\/\",\"url\":\"https:\/\/www.sprachschule-aktiv-muenchen.de\/studieren-in-muenchen\/mobilitaet-fuer-auslaendische-studenten-in-muenchen-das-fahrrad\/\",\"name\":\"Mobilit\u00e4t f\u00fcr Studenten in M\u00fcnchen - das Fahrrad\",\"isPartOf\":{\"@id\":\"https:\/\/www.sprachschule-aktiv-muenchen.de\/studieren-in-muenchen\/#website\"},\"datePublished\":\"2022-11-30T04:23:24+00:00\",\"dateModified\":\"2023-10-10T09:00:43+00:00\",\"description\":\"Tipps f\u00fcr ausl\u00e4ndische Studenten zum Thema mobil sein mit dem Fahrrad in M\u00fcnchen: g\u00fcnstig ein Fahrrad kaufen, mieten & reparieren.\",\"breadcrumb\":{\"@id\":\"https:\/\/www.sprachschule-aktiv-muenchen.de\/studieren-in-muenchen\/mobilitaet-fuer-auslaendische-studenten-in-muenchen-das-fahrrad\/#breadcrumb\"},\"inLanguage\":\"de\",\"potentialAction\":[{\"@type\":\"ReadAction\",\"target\":[\"https:\/\/www.sprachschule-aktiv-muenchen.de\/studieren-in-muenchen\/mobilitaet-fuer-auslaendische-studenten-in-muenchen-das-fahrrad\/\"]}]},{\"@type\":\"BreadcrumbList\",\"@id\":\"https:\/\/www.sprachschule-aktiv-muenchen.de\/studieren-in-muenchen\/mobilitaet-fuer-auslaendische-studenten-in-muenchen-das-fahrrad\/#breadcrumb\",\"itemListElement\":[{\"@type\":\"ListItem\",\"position\":1,\"name\":\"Startseite\",\"item\":\"https:\/\/www.sprachschule-aktiv-muenchen.de\/studieren-in-muenchen\/\"},{\"@type\":\"ListItem\",\"position\":2,\"name\":\"Mobilit\u00e4t f\u00fcr ausl\u00e4ndische Studenten in M\u00fcnchen &#8211; das Fahrrad\"}]},{\"@type\":\"WebSite\",\"@id\":\"https:\/\/www.sprachschule-aktiv-muenchen.de\/studieren-in-muenchen\/#website\",\"url\":\"https:\/\/www.sprachschule-aktiv-muenchen.de\/studieren-in-muenchen\/\",\"name\":\"Studieren in M\u00fcnchen\",\"description\":\"\",\"potentialAction\":[{\"@type\":\"SearchAction\",\"target\":{\"@type\":\"EntryPoint\",\"urlTemplate\":\"https:\/\/www.sprachschule-aktiv-muenchen.de\/studieren-in-muenchen\/?s={search_term_string}\"},\"query-input\":\"required name=search_term_string\"}],\"inLanguage\":\"de\"}]}<\/script>\n<!-- \/ Yoast SEO plugin. -->","yoast_head_json":{"title":"Mobilit\u00e4t f\u00fcr Studenten in M\u00fcnchen - das Fahrrad","description":"Tipps f\u00fcr ausl\u00e4ndische Studenten zum Thema mobil sein mit dem Fahrrad in M\u00fcnchen: g\u00fcnstig ein Fahrrad kaufen, mieten & reparieren.","robots":{"index":"index","follow":"follow","max-snippet":"max-snippet:-1","max-image-preview":"max-image-preview:large","max-video-preview":"max-video-preview:-1"},"canonical":"https:\/\/www.sprachschule-aktiv-muenchen.de\/studieren-in-muenchen\/mobilitaet-fuer-auslaendische-studenten-in-muenchen-das-fahrrad\/","og_locale":"de_DE","og_type":"article","og_title":"Mobilit\u00e4t f\u00fcr Studenten in M\u00fcnchen - das Fahrrad","og_description":"Tipps f\u00fcr ausl\u00e4ndische Studenten zum Thema mobil sein mit dem Fahrrad in M\u00fcnchen: g\u00fcnstig ein Fahrrad kaufen, mieten & reparieren.","og_url":"https:\/\/www.sprachschule-aktiv-muenchen.de\/studieren-in-muenchen\/mobilitaet-fuer-auslaendische-studenten-in-muenchen-das-fahrrad\/","og_site_name":"Studieren in M\u00fcnchen","article_modified_time":"2023-10-10T09:00:43+00:00","og_image":[{"url":"https:\/\/www.sprachschule-aktiv-muenchen.de\/studieren-in-muenchen\/wp-content\/uploads\/2022\/11\/mobilitaet-fuer-auslaendische-studenten-in-muenchen-das-fahrrad.webp"}],"twitter_card":"summary_large_image","twitter_misc":{"Gesch\u00e4tzte Lesezeit":"4\u00a0Minuten"},"schema":{"@context":"https:\/\/schema.org","@graph":[{"@type":"WebPage","@id":"https:\/\/www.sprachschule-aktiv-muenchen.de\/studieren-in-muenchen\/mobilitaet-fuer-auslaendische-studenten-in-muenchen-das-fahrrad\/","url":"https:\/\/www.sprachschule-aktiv-muenchen.de\/studieren-in-muenchen\/mobilitaet-fuer-auslaendische-studenten-in-muenchen-das-fahrrad\/","name":"Mobilit\u00e4t f\u00fcr Studenten in M\u00fcnchen - das Fahrrad","isPartOf":{"@id":"https:\/\/www.sprachschule-aktiv-muenchen.de\/studieren-in-muenchen\/#website"},"datePublished":"2022-11-30T04:23:24+00:00","dateModified":"2023-10-10T09:00:43+00:00","description":"Tipps f\u00fcr ausl\u00e4ndische Studenten zum Thema mobil sein mit dem Fahrrad in M\u00fcnchen: g\u00fcnstig ein Fahrrad kaufen, mieten & reparieren.","breadcrumb":{"@id":"https:\/\/www.sprachschule-aktiv-muenchen.de\/studieren-in-muenchen\/mobilitaet-fuer-auslaendische-studenten-in-muenchen-das-fahrrad\/#breadcrumb"},"inLanguage":"de","potentialAction":[{"@type":"ReadAction","target":["https:\/\/www.sprachschule-aktiv-muenchen.de\/studieren-in-muenchen\/mobilitaet-fuer-auslaendische-studenten-in-muenchen-das-fahrrad\/"]}]},{"@type":"BreadcrumbList","@id":"https:\/\/www.sprachschule-aktiv-muenchen.de\/studieren-in-muenchen\/mobilitaet-fuer-auslaendische-studenten-in-muenchen-das-fahrrad\/#breadcrumb","itemListElement":[{"@type":"ListItem","position":1,"name":"Startseite","item":"https:\/\/www.sprachschule-aktiv-muenchen.de\/studieren-in-muenchen\/"},{"@type":"ListItem","position":2,"name":"Mobilit\u00e4t f\u00fcr ausl\u00e4ndische Studenten in M\u00fcnchen &#8211; das Fahrrad"}]},{"@type":"WebSite","@id":"https:\/\/www.sprachschule-aktiv-muenchen.de\/studieren-in-muenchen\/#website","url":"https:\/\/www.sprachschule-aktiv-muenchen.de\/studieren-in-muenchen\/","name":"Studieren in M\u00fcnchen","description":"","potentialAction":[{"@type":"SearchAction","target":{"@type":"EntryPoint","urlTemplate":"https:\/\/www.sprachschule-aktiv-muenchen.de\/studieren-in-muenchen\/?s={search_term_string}"},"query-input":"required name=search_term_string"}],"inLanguage":"de"}]}},"_links":{"self":[{"href":"https:\/\/www.sprachschule-aktiv-muenchen.de\/studieren-in-muenchen\/wp-json\/wp\/v2\/pages\/213","targetHints":{"allow":["GET"]}}],"collection":[{"href":"https:\/\/www.sprachschule-aktiv-muenchen.de\/studieren-in-muenchen\/wp-json\/wp\/v2\/pages"}],"about":[{"href":"https:\/\/www.sprachschule-aktiv-muenchen.de\/studieren-in-muenchen\/wp-json\/wp\/v2\/types\/page"}],"author":[{"embeddable":true,"href":"https:\/\/www.sprachschule-aktiv-muenchen.de\/studieren-in-muenchen\/wp-json\/wp\/v2\/users\/2"}],"replies":[{"embeddable":true,"href":"https:\/\/www.sprachschule-aktiv-muenchen.de\/studieren-in-muenchen\/wp-json\/wp\/v2\/comments?post=213"}],"version-history":[{"count":5,"href":"https:\/\/www.sprachschule-aktiv-muenchen.de\/studieren-in-muenchen\/wp-json\/wp\/v2\/pages\/213\/revisions"}],"predecessor-version":[{"id":222,"href":"https:\/\/www.sprachschule-aktiv-muenchen.de\/studieren-in-muenchen\/wp-json\/wp\/v2\/pages\/213\/revisions\/222"}],"wp:attachment":[{"href":"https:\/\/www.sprachschule-aktiv-muenchen.de\/studieren-in-muenchen\/wp-json\/wp\/v2\/media?parent=213"}],"curies":[{"name":"wp","href":"https:\/\/api.w.org\/{rel}","templated":true}]}}