{"id":134,"date":"2022-07-12T08:00:49","date_gmt":"2022-07-12T06:00:49","guid":{"rendered":"https:\/\/www.sprachschule-aktiv-muenchen.de\/studieren-in-muenchen\/?page_id=134"},"modified":"2022-07-12T08:04:52","modified_gmt":"2022-07-12T06:04:52","slug":"universitaeten-und-hochschulen-in-muenchen","status":"publish","type":"page","link":"https:\/\/www.sprachschule-aktiv-muenchen.de\/studieren-in-muenchen\/universitaeten-und-hochschulen-in-muenchen\/","title":{"rendered":"Universit\u00e4ten und Hochschulen in M\u00fcnchen \u2013 \u00dcbersicht und Studieng\u00e4nge"},"content":{"rendered":"<p>Hochschulen gibt es viele in M\u00fcnchen. Wir haben Ihnen im Folgenden eine kurze Charakterisierung der Hochschulen in der bayerischen Landeshauptstadt breit gestellt und hoffen, dass sie Ihnen bei der Orientierung hilft, welche Universit\u00e4t bzw. welcher Studiengang Ihnen am meisten zusagt.<\/p>\n<img decoding=\"async\" class=\"alignnone wp-image-138 size-large\" src=\"https:\/\/www.sprachschule-aktiv-muenchen.de\/studieren-in-muenchen\/wp-content\/uploads\/2022\/07\/universitaeten-und-hochschulen-in-muenchen-1024x512.webp\" alt=\"Universit\u00e4ten und Hochschulen in M\u00fcnchen - \u00dcbersicht und Studieng\u00e4nge\" width=\"1024\" height=\"512\" srcset=\"https:\/\/www.sprachschule-aktiv-muenchen.de\/studieren-in-muenchen\/wp-content\/uploads\/2022\/07\/universitaeten-und-hochschulen-in-muenchen-1024x512.webp 1024w, https:\/\/www.sprachschule-aktiv-muenchen.de\/studieren-in-muenchen\/wp-content\/uploads\/2022\/07\/universitaeten-und-hochschulen-in-muenchen-300x150.webp 300w, https:\/\/www.sprachschule-aktiv-muenchen.de\/studieren-in-muenchen\/wp-content\/uploads\/2022\/07\/universitaeten-und-hochschulen-in-muenchen-768x384.webp 768w, https:\/\/www.sprachschule-aktiv-muenchen.de\/studieren-in-muenchen\/wp-content\/uploads\/2022\/07\/universitaeten-und-hochschulen-in-muenchen.webp 1160w\" sizes=\"(max-width: 1024px) 100vw, 1024px\" \/>\n<h2>Technische Universit\u00e4t M\u00fcnchen<\/h2>\n<p><a href=\"https:\/\/www.tum.de\/\" target=\"_blank\" rel=\"noopener\">Die technische Universit\u00e4t M\u00fcnchen<\/a> hat ein besonders breites Repertoire an unterschiedlichsten Studieng\u00e4ngen. In einigen Studien, welche ein internationales Ranking f\u00fcr Hochschulen aufstellen, wird TUM unter den f\u00fcnf besten technischen Universit\u00e4ten platziert. 550 Professoren k\u00fcmmern sich um \u00fcber 40.000 Studenten, welche auf 15 Fakult\u00e4ten verteilt sind. Besonders attraktiv macht diese Universit\u00e4t vor allem ihr Slogan, welchen sie auch in die Tat umsetzen. \u201eWir investieren in Talente. Wissen ist unser Gewinn.&#8221; Studenten werden nicht nur gefordert, sondern auch intensiv gef\u00f6rdert und zur innovativen Umsetzung des Gelernten angeregt. Studieng\u00e4nge, die ausl\u00e4ndische Studenten an der Technischen Universit\u00e4t M\u00fcnchen studieren k\u00f6nnen:<\/p>\n<ul>\n<li>Architektur<\/li>\n<li>Chemie<\/li>\n<li>Computerwissenschaften<\/li>\n<li>Bau-Umgebung<\/li>\n<li>Luftfahrt, Raumfahrt und Geod\u00e4sie<\/li>\n<li>Maschinenbau<\/li>\n<li>Elektro- und Informationstechnik<\/li>\n<li>Mathematik<\/li>\n<li>Physik<\/li>\n<li>Sport- und Gesundheitswissenschaften<\/li>\n<li>Wirtschaft<\/li>\n<li>Medizin<\/li>\n<\/ul>\n<h2>Ludwig-Maximilians-Universit\u00e4t M\u00fcnchen &#8211; LMU<\/h2>\n<p><a href=\"https:\/\/www.lmu.de\/de\/index.html\" target=\"_blank\" rel=\"noopener\">Die LMU<\/a> ist eine altehrw\u00fcrdige Universit\u00e4t und besteht seit 500 Jahren. Auch hier wird die Wissensvermittlung in Vorlesungen und Seminaren auf h\u00f6chstem Niveau erteilt. Unterst\u00fctzt wird die universit\u00e4re Entwicklung der Studenten durch einen intensiven Austausch mit 400 Partneruniversit\u00e4ten. Studenten aus dem Ausland haben die M\u00f6glichkeit, folgende Studieng\u00e4nge zu absolvieren:<\/p>\n<ul>\n<li>\u00a0\u00a0\u00a0 Katholische Theologie<\/li>\n<li>\u00a0\u00a0\u00a0 Protestantische Theologie<\/li>\n<li>\u00a0\u00a0\u00a0 Recht<\/li>\n<li>\u00a0\u00a0\u00a0 Betriebswirtschaftslehre \u2013 Munich School of Management<\/li>\n<li>\u00a0\u00a0\u00a0 Wirtschaft<\/li>\n<li>\u00a0\u00a0\u00a0 Medizin<\/li>\n<li>\u00a0\u00a0\u00a0 Tiermedizin<\/li>\n<li>\u00a0\u00a0\u00a0 Geschichte und Kunst<\/li>\n<li>\u00a0\u00a0\u00a0 Philosophie, Wissenschaftstheorie und Religionswissenschaft<\/li>\n<li>\u00a0\u00a0\u00a0 Psychologie und Erziehungswissenschaften<\/li>\n<li>\u00a0\u00a0\u00a0 Mathematik, Informatik und Statistik<\/li>\n<li>\u00a0\u00a0\u00a0 Kulturstudium<\/li>\n<li>\u00a0\u00a0\u00a0 Sprachen und Literaturen<\/li>\n<li>\u00a0\u00a0\u00a0 Sozialwissenschaften<\/li>\n<li>\u00a0\u00a0\u00a0 Physik<\/li>\n<li>\u00a0\u00a0\u00a0 Biologie<\/li>\n<li>\u00a0\u00a0\u00a0 Chemie und Pharmazie<\/li>\n<li>\u00a0\u00a0\u00a0 Geowissenschaften<\/li>\n<\/ul>\n<h2>Hochschule M\u00fcnchen<\/h2>\n<p>Diese <a href=\"https:\/\/hm.edu\/\" target=\"_blank\" rel=\"noopener\">Hochschule in M\u00fcnche<\/a>n ist ganz besonders praxisorientiert und gilt als Vorreiter unter den Hochschulen f\u00fcr angewandte Wissenschaft mit ca. 17 000 Studenten. Das Spezielle an dieser Hochschule ist der Fokus auf disziplin\u00fcbergreifenden Wissenserwerb und interkulturelle Kompetenzen bei der Ausbildung der Studierenden. <strong>Diese F\u00e4cher k\u00f6nnen Sie hier studieren:<\/strong><\/p>\n<ul>\n<li>Wirtschafts-, Sozial- und Gesundheitswissenschaften<\/li>\n<li>Architektur und Design<\/li>\n<\/ul>\n<a href=\"https:\/\/www.sprachschule-aktiv-muenchen.de\/deutsch-lernen\/\" target=\"_blank\" rel=\"noopener\"><img decoding=\"async\" class=\"alignnone size-medium wp-image-123\" src=\"https:\/\/www.sprachschule-aktiv-muenchen.de\/studieren-in-muenchen\/wp-content\/uploads\/2022\/07\/deutsch-lernen-in-muenchen-von-a1-bis-c2-251x300.webp\" alt=\"Deutsch lernen in M\u00fcnchen von A1 bis C2\" width=\"251\" height=\"300\" srcset=\"https:\/\/www.sprachschule-aktiv-muenchen.de\/studieren-in-muenchen\/wp-content\/uploads\/2022\/07\/deutsch-lernen-in-muenchen-von-a1-bis-c2-251x300.webp 251w, https:\/\/www.sprachschule-aktiv-muenchen.de\/studieren-in-muenchen\/wp-content\/uploads\/2022\/07\/deutsch-lernen-in-muenchen-von-a1-bis-c2.webp 300w\" sizes=\"(max-width: 251px) 100vw, 251px\" \/><\/a>\n<h2>Akademie der bildenden K\u00fcnste in M\u00fcnchen<\/h2>\n<p><a href=\"https:\/\/www.adbk.de\/de\/\" target=\"_blank\" rel=\"noopener\">Die Kunstakademie<\/a> ist eine der \u00e4ltesten ihrer Art in Deutschland und unterrichtet ungef\u00e4hr 700 Sch\u00fcler. M\u00f6chten Sie sich einen Eindruck von den Resultaten verschaffen, so besuchen Sie einfach die Akademie Galerie im U-Bahnhof Universit\u00e4t. Dort finden Sie Ausstellungsobjekte derzeitiger und ehemaliger Kunststudenten. <strong>Die Studierenden werden in den F\u00e4chern:<\/strong><\/p>\n<ul>\n<li>Malerei<\/li>\n<li>Bildhauerei<\/li>\n<li>Fotografie<\/li>\n<li>Medienkunst<\/li>\n<li>Glaskeramik<\/li>\n<li>Schmuck u.v m unterrichtet.<\/li>\n<\/ul>\n<h2>Hochschule f\u00fcr Fernsehen und Film M\u00fcnchen<\/h2>\n<p><a href=\"https:\/\/www.hff-muc.de\/\" target=\"_blank\" rel=\"noopener\">Die HFF<\/a> gilt als Spitzenreiter unter den Filmhochschulen in den deutschsprachigen L\u00e4ndern und hat schon viele ber\u00fchmte Filmemacher hervorgebracht. Dazu geh\u00f6rt auch Florian Henckel von Donnersmarck, der 2007 mit seinem HFF-Abschlussfilm &#8220;Das Leben der Anderen&#8221; einen Oscar erhielt. Wenn Sie sich bei der Hochschule f\u00fcr Fernsehen und Film in M\u00fcnchen bewerben m\u00f6chten, k\u00f6nnen Sie das jedes Jahr bis zum 28. Februar tun.<\/p>\n<p><strong>Angeboten werden diese Studieng\u00e4nge:<\/strong><\/p>\n<ul>\n<li>Kino- und Fernsehfilm<\/li>\n<li>Dokumentarfilm und Fernsehpublizistik<\/li>\n<li>Produktion und Medienwirtschaft<\/li>\n<li>Montage<\/li>\n<li>Drehbuch<\/li>\n<li>Bildgestaltung<\/li>\n<li>VFX<\/li>\n<\/ul>\n<h2>Weitere Hochschulen in M\u00fcnchen<\/h2>\n<p>Nat\u00fcrlich gibt es noch andere Hochschulen in M\u00fcnchen wie die Hochschule f\u00fcr Musik und Theater, die Hochschule f\u00fcr Politik, die deutsche Meisterschule f\u00fcr Mode oder die Hochschule f\u00fcr den \u00f6ffentlichen Dienst in Bayern. Wir haben hier lediglich eine Auswahl getroffen, die f\u00fcr ausl\u00e4ndische Studenten meist von gr\u00f6\u00dferem Interesse ist.<\/p>\n<h3>Weitere Beitr\u00e4ge &#8211; Studieren in M\u00fcnchen<\/h3>\n<ul>\n<li><a href=\"https:\/\/www.sprachschule-aktiv-muenchen.de\/studieren-in-muenchen\/warum-studieren-in-muenchen\/\">Warum studieren in M\u00fcnchen?<\/a><\/li>\n<li><a href=\"https:\/\/www.sprachschule-aktiv-muenchen.de\/studieren-in-muenchen\/studium-in-muenchen\/\">Studium in M\u00fcnchen &#8211; was Sie erwartet<\/a><\/li>\n<\/ul>\n","protected":false},"excerpt":{"rendered":"<p>Hochschulen gibt es viele in M\u00fcnchen. Wir haben Ihnen im Folgenden eine kurze Charakterisierung der Hochschulen in der bayerischen Landeshauptstadt breit gestellt und hoffen, dass sie Ihnen bei der Orientierung hilft, welche Universit\u00e4t bzw. welcher Studiengang Ihnen am meisten zusagt. Technische Universit\u00e4t M\u00fcnchen Die technische Universit\u00e4t M\u00fcnchen hat ein besonders breites Repertoire an unterschiedlichsten Studieng\u00e4ngen.&hellip; <a class=\"read-more\" href=\"https:\/\/www.sprachschule-aktiv-muenchen.de\/studieren-in-muenchen\/universitaeten-und-hochschulen-in-muenchen\/\" title=\"Read Universit\u00e4ten und Hochschulen in M\u00fcnchen \u2013 \u00dcbersicht und Studieng\u00e4nge\">Read more &raquo;<\/a><\/p>\n","protected":false},"author":2,"featured_media":0,"parent":0,"menu_order":0,"comment_status":"closed","ping_status":"closed","template":"","meta":{"footnotes":""},"class_list":["post-134","page","type-page","status-publish","hentry"],"yoast_head":"<!-- This site is optimized with the Yoast SEO plugin v21.4 - https:\/\/yoast.com\/wordpress\/plugins\/seo\/ -->\n<title>Universit\u00e4ten und Hochschulen in M\u00fcnchen<\/title>\n<meta name=\"description\" content=\"Die besten Universit\u00e4ten und Hochschulen in M\u00fcnchen - Auflistung - Studieng\u00e4nge: TUM, LMU, Hochschule M\u00fcnchen, Kunstakademie, HFF...\" \/>\n<meta name=\"robots\" content=\"index, follow, max-snippet:-1, max-image-preview:large, max-video-preview:-1\" \/>\n<link rel=\"canonical\" href=\"https:\/\/www.sprachschule-aktiv-muenchen.de\/studieren-in-muenchen\/universitaeten-und-hochschulen-in-muenchen\/\" \/>\n<meta property=\"og:locale\" content=\"de_DE\" \/>\n<meta property=\"og:type\" content=\"article\" \/>\n<meta property=\"og:title\" content=\"Universit\u00e4ten und Hochschulen in M\u00fcnchen\" \/>\n<meta property=\"og:description\" content=\"Die besten Universit\u00e4ten und Hochschulen in M\u00fcnchen - Auflistung - Studieng\u00e4nge: TUM, LMU, Hochschule M\u00fcnchen, Kunstakademie, HFF...\" \/>\n<meta property=\"og:url\" content=\"https:\/\/www.sprachschule-aktiv-muenchen.de\/studieren-in-muenchen\/universitaeten-und-hochschulen-in-muenchen\/\" \/>\n<meta property=\"og:site_name\" content=\"Studieren in M\u00fcnchen\" \/>\n<meta property=\"article:modified_time\" content=\"2022-07-12T06:04:52+00:00\" \/>\n<meta property=\"og:image\" content=\"https:\/\/www.sprachschule-aktiv-muenchen.de\/studieren-in-muenchen\/wp-content\/uploads\/2022\/07\/universitaeten-und-hochschulen-in-muenchen-1024x512.webp\" \/>\n<meta name=\"twitter:card\" content=\"summary_large_image\" \/>\n<meta name=\"twitter:label1\" content=\"Gesch\u00e4tzte Lesezeit\" \/>\n\t<meta name=\"twitter:data1\" content=\"3\u00a0Minuten\" \/>\n<script type=\"application\/ld+json\" class=\"yoast-schema-graph\">{\"@context\":\"https:\/\/schema.org\",\"@graph\":[{\"@type\":\"WebPage\",\"@id\":\"https:\/\/www.sprachschule-aktiv-muenchen.de\/studieren-in-muenchen\/universitaeten-und-hochschulen-in-muenchen\/\",\"url\":\"https:\/\/www.sprachschule-aktiv-muenchen.de\/studieren-in-muenchen\/universitaeten-und-hochschulen-in-muenchen\/\",\"name\":\"Universit\u00e4ten und Hochschulen in M\u00fcnchen\",\"isPartOf\":{\"@id\":\"https:\/\/www.sprachschule-aktiv-muenchen.de\/studieren-in-muenchen\/#website\"},\"datePublished\":\"2022-07-12T06:00:49+00:00\",\"dateModified\":\"2022-07-12T06:04:52+00:00\",\"description\":\"Die besten Universit\u00e4ten und Hochschulen in M\u00fcnchen - Auflistung - Studieng\u00e4nge: TUM, LMU, Hochschule M\u00fcnchen, Kunstakademie, HFF...\",\"breadcrumb\":{\"@id\":\"https:\/\/www.sprachschule-aktiv-muenchen.de\/studieren-in-muenchen\/universitaeten-und-hochschulen-in-muenchen\/#breadcrumb\"},\"inLanguage\":\"de\",\"potentialAction\":[{\"@type\":\"ReadAction\",\"target\":[\"https:\/\/www.sprachschule-aktiv-muenchen.de\/studieren-in-muenchen\/universitaeten-und-hochschulen-in-muenchen\/\"]}]},{\"@type\":\"BreadcrumbList\",\"@id\":\"https:\/\/www.sprachschule-aktiv-muenchen.de\/studieren-in-muenchen\/universitaeten-und-hochschulen-in-muenchen\/#breadcrumb\",\"itemListElement\":[{\"@type\":\"ListItem\",\"position\":1,\"name\":\"Startseite\",\"item\":\"https:\/\/www.sprachschule-aktiv-muenchen.de\/studieren-in-muenchen\/\"},{\"@type\":\"ListItem\",\"position\":2,\"name\":\"Universit\u00e4ten und Hochschulen in M\u00fcnchen \u2013 \u00dcbersicht und Studieng\u00e4nge\"}]},{\"@type\":\"WebSite\",\"@id\":\"https:\/\/www.sprachschule-aktiv-muenchen.de\/studieren-in-muenchen\/#website\",\"url\":\"https:\/\/www.sprachschule-aktiv-muenchen.de\/studieren-in-muenchen\/\",\"name\":\"Studieren in M\u00fcnchen\",\"description\":\"\",\"potentialAction\":[{\"@type\":\"SearchAction\",\"target\":{\"@type\":\"EntryPoint\",\"urlTemplate\":\"https:\/\/www.sprachschule-aktiv-muenchen.de\/studieren-in-muenchen\/?s={search_term_string}\"},\"query-input\":\"required name=search_term_string\"}],\"inLanguage\":\"de\"}]}<\/script>\n<!-- \/ Yoast SEO plugin. -->","yoast_head_json":{"title":"Universit\u00e4ten und Hochschulen in M\u00fcnchen","description":"Die besten Universit\u00e4ten und Hochschulen in M\u00fcnchen - Auflistung - Studieng\u00e4nge: TUM, LMU, Hochschule M\u00fcnchen, Kunstakademie, HFF...","robots":{"index":"index","follow":"follow","max-snippet":"max-snippet:-1","max-image-preview":"max-image-preview:large","max-video-preview":"max-video-preview:-1"},"canonical":"https:\/\/www.sprachschule-aktiv-muenchen.de\/studieren-in-muenchen\/universitaeten-und-hochschulen-in-muenchen\/","og_locale":"de_DE","og_type":"article","og_title":"Universit\u00e4ten und Hochschulen in M\u00fcnchen","og_description":"Die besten Universit\u00e4ten und Hochschulen in M\u00fcnchen - Auflistung - Studieng\u00e4nge: TUM, LMU, Hochschule M\u00fcnchen, Kunstakademie, HFF...","og_url":"https:\/\/www.sprachschule-aktiv-muenchen.de\/studieren-in-muenchen\/universitaeten-und-hochschulen-in-muenchen\/","og_site_name":"Studieren in M\u00fcnchen","article_modified_time":"2022-07-12T06:04:52+00:00","og_image":[{"url":"https:\/\/www.sprachschule-aktiv-muenchen.de\/studieren-in-muenchen\/wp-content\/uploads\/2022\/07\/universitaeten-und-hochschulen-in-muenchen-1024x512.webp"}],"twitter_card":"summary_large_image","twitter_misc":{"Gesch\u00e4tzte Lesezeit":"3\u00a0Minuten"},"schema":{"@context":"https:\/\/schema.org","@graph":[{"@type":"WebPage","@id":"https:\/\/www.sprachschule-aktiv-muenchen.de\/studieren-in-muenchen\/universitaeten-und-hochschulen-in-muenchen\/","url":"https:\/\/www.sprachschule-aktiv-muenchen.de\/studieren-in-muenchen\/universitaeten-und-hochschulen-in-muenchen\/","name":"Universit\u00e4ten und Hochschulen in M\u00fcnchen","isPartOf":{"@id":"https:\/\/www.sprachschule-aktiv-muenchen.de\/studieren-in-muenchen\/#website"},"datePublished":"2022-07-12T06:00:49+00:00","dateModified":"2022-07-12T06:04:52+00:00","description":"Die besten Universit\u00e4ten und Hochschulen in M\u00fcnchen - Auflistung - Studieng\u00e4nge: TUM, LMU, Hochschule M\u00fcnchen, Kunstakademie, HFF...","breadcrumb":{"@id":"https:\/\/www.sprachschule-aktiv-muenchen.de\/studieren-in-muenchen\/universitaeten-und-hochschulen-in-muenchen\/#breadcrumb"},"inLanguage":"de","potentialAction":[{"@type":"ReadAction","target":["https:\/\/www.sprachschule-aktiv-muenchen.de\/studieren-in-muenchen\/universitaeten-und-hochschulen-in-muenchen\/"]}]},{"@type":"BreadcrumbList","@id":"https:\/\/www.sprachschule-aktiv-muenchen.de\/studieren-in-muenchen\/universitaeten-und-hochschulen-in-muenchen\/#breadcrumb","itemListElement":[{"@type":"ListItem","position":1,"name":"Startseite","item":"https:\/\/www.sprachschule-aktiv-muenchen.de\/studieren-in-muenchen\/"},{"@type":"ListItem","position":2,"name":"Universit\u00e4ten und Hochschulen in M\u00fcnchen \u2013 \u00dcbersicht und Studieng\u00e4nge"}]},{"@type":"WebSite","@id":"https:\/\/www.sprachschule-aktiv-muenchen.de\/studieren-in-muenchen\/#website","url":"https:\/\/www.sprachschule-aktiv-muenchen.de\/studieren-in-muenchen\/","name":"Studieren in M\u00fcnchen","description":"","potentialAction":[{"@type":"SearchAction","target":{"@type":"EntryPoint","urlTemplate":"https:\/\/www.sprachschule-aktiv-muenchen.de\/studieren-in-muenchen\/?s={search_term_string}"},"query-input":"required name=search_term_string"}],"inLanguage":"de"}]}},"_links":{"self":[{"href":"https:\/\/www.sprachschule-aktiv-muenchen.de\/studieren-in-muenchen\/wp-json\/wp\/v2\/pages\/134","targetHints":{"allow":["GET"]}}],"collection":[{"href":"https:\/\/www.sprachschule-aktiv-muenchen.de\/studieren-in-muenchen\/wp-json\/wp\/v2\/pages"}],"about":[{"href":"https:\/\/www.sprachschule-aktiv-muenchen.de\/studieren-in-muenchen\/wp-json\/wp\/v2\/types\/page"}],"author":[{"embeddable":true,"href":"https:\/\/www.sprachschule-aktiv-muenchen.de\/studieren-in-muenchen\/wp-json\/wp\/v2\/users\/2"}],"replies":[{"embeddable":true,"href":"https:\/\/www.sprachschule-aktiv-muenchen.de\/studieren-in-muenchen\/wp-json\/wp\/v2\/comments?post=134"}],"version-history":[{"count":4,"href":"https:\/\/www.sprachschule-aktiv-muenchen.de\/studieren-in-muenchen\/wp-json\/wp\/v2\/pages\/134\/revisions"}],"predecessor-version":[{"id":139,"href":"https:\/\/www.sprachschule-aktiv-muenchen.de\/studieren-in-muenchen\/wp-json\/wp\/v2\/pages\/134\/revisions\/139"}],"wp:attachment":[{"href":"https:\/\/www.sprachschule-aktiv-muenchen.de\/studieren-in-muenchen\/wp-json\/wp\/v2\/media?parent=134"}],"curies":[{"name":"wp","href":"https:\/\/api.w.org\/{rel}","templated":true}]}}