{"id":105,"date":"2022-07-12T07:13:34","date_gmt":"2022-07-12T05:13:34","guid":{"rendered":"https:\/\/www.sprachschule-aktiv-muenchen.de\/studieren-in-muenchen\/?page_id=105"},"modified":"2022-07-12T07:31:47","modified_gmt":"2022-07-12T05:31:47","slug":"warum-studieren-in-muenchen","status":"publish","type":"page","link":"https:\/\/www.sprachschule-aktiv-muenchen.de\/studieren-in-muenchen\/warum-studieren-in-muenchen\/","title":{"rendered":"Warum studieren in M\u00fcnchen? &#8211; Vorteile f\u00fcr ausl\u00e4ndische Studenten"},"content":{"rendered":"<h2>Lebensqualit\u00e4t f\u00fcr ausl\u00e4ndische Studenten in M\u00fcnchen<\/h2>\n<p>M\u00fcnchen gilt als kleine, aber feine Metropole. Das lockt Studenten aus dem In-und Ausland an. Obwohl die Stadt \u00fcberschaubar ist, sind die Attraktionen auf verschiedenen Ebenen zahlreich vertreten und der Lebensstandart ist in den Bereichen Freizeit, Kultur, Mobilit\u00e4t und Naturn\u00e4he sehr hoch.<\/p>\n<img decoding=\"async\" class=\"alignnone wp-image-119 size-large\" src=\"https:\/\/www.sprachschule-aktiv-muenchen.de\/studieren-in-muenchen\/wp-content\/uploads\/2022\/07\/warum-studieren-in-muenchen-1024x512.webp\" alt=\"Warum studieren in M\u00fcnchen - Vorteile f\u00fcr ausl\u00e4ndische Studenten\" width=\"1024\" height=\"512\" srcset=\"https:\/\/www.sprachschule-aktiv-muenchen.de\/studieren-in-muenchen\/wp-content\/uploads\/2022\/07\/warum-studieren-in-muenchen-1024x512.webp 1024w, https:\/\/www.sprachschule-aktiv-muenchen.de\/studieren-in-muenchen\/wp-content\/uploads\/2022\/07\/warum-studieren-in-muenchen-300x150.webp 300w, https:\/\/www.sprachschule-aktiv-muenchen.de\/studieren-in-muenchen\/wp-content\/uploads\/2022\/07\/warum-studieren-in-muenchen-768x384.webp 768w, https:\/\/www.sprachschule-aktiv-muenchen.de\/studieren-in-muenchen\/wp-content\/uploads\/2022\/07\/warum-studieren-in-muenchen.webp 1160w\" sizes=\"(max-width: 1024px) 100vw, 1024px\" \/>\n<h2>Breites Freizeit- und Kulturangebot f\u00fcr Studenten aus dem Ausland<\/h2>\n<p>Neben bekannten Ausstellungsorten wie dem Deutschen Museum oder den Pinakotheken, die drei popul\u00e4rsten Kunstmuseen, laden auch die Oper und verschiedene Theater zum Kunstgenuss ein. Entspannter und legerer geht es auf dem Sommer- und Winter-Tollwut Festival zu. Das internationale Festival \u00fcberzeugt mit seinen Buden mit Speisen aus aller Welt und Bierzelten. Doch die gr\u00f6\u00dften Attraktionen sind wahrscheinlich die Konzerte, bei denen internationale K\u00fcnstler wie beispielsweise der britische Musiker, Komponist und S\u00e4nger Sting auftreten. Au\u00dferdem finden in M\u00fcnchen regelm\u00e4\u00dfig gro\u00dfe Messen statt, auf denen innovative Technologien pr\u00e4sentiert werden, welche ein globales Publikum anziehen. Kleiner Tipp f\u00fcr ausl\u00e4ndische Studenten, die nebenbei arbeiten m\u00f6chten: F\u00fcr die Registrierung der Messebesucher werden immer wieder Teilzeitkr\u00e4fte gesucht. Ein gut bezahlter Nebenjob f\u00fcr die Dauer der jeweiligen Messe, welcher sich zeitlich sehr praktisch ins Studium integrieren l\u00e4sst.<\/p>\n<h2>Mobil und gut vernetzt durch \u00f6ffentliche Verkehrsmittel in M\u00fcnchen<\/h2>\n<p>Das U- Bahnnetz verbindet alle Ecken der Stadt. Was mehr als 5 Minuten von der n\u00e4chsten U-Bahn-Station entfernt liegt, wird durch Busse und Stra\u00dfenbahnen, den sogenannten Trams, kompensiert. Die S-Bahnen fahren im 10 bis 20 Minutentakt. Zusammen mit den Regionalz\u00fcgen transportieren sie die Passagiere von der Innenstadt \u00fcber die Au\u00dfenbezirke bis hin zu den Vororten M\u00fcnchens. Vom Hauptbahnhof erreicht man alle anderen deutschen St\u00e4dte und nat\u00fcrlich auch ausl\u00e4ndische Metropolen wie Paris, Rom oder Z\u00fcrich. Au\u00dferdem hat M\u00fcnchen einen modernen Flughafen, welcher Nonstop-Fl\u00fcge in die ganze Welt anbietet. So fliegen ausl\u00e4ndische Studenten von M\u00fcnchen ohne Umsteigen nach Neu-Delhi oder Shanghai.<\/p>\n<a href=\"https:\/\/www.sprachschule-aktiv-muenchen.de\/deutsch-lernen\/\" target=\"_blank\" rel=\"noopener\"><img decoding=\"async\" class=\"alignnone size-medium wp-image-123\" src=\"https:\/\/www.sprachschule-aktiv-muenchen.de\/studieren-in-muenchen\/wp-content\/uploads\/2022\/07\/deutsch-lernen-in-muenchen-von-a1-bis-c2-251x300.webp\" alt=\"Deutsch lernen in M\u00fcnchen von A1 bis C2\" width=\"251\" height=\"300\" srcset=\"https:\/\/www.sprachschule-aktiv-muenchen.de\/studieren-in-muenchen\/wp-content\/uploads\/2022\/07\/deutsch-lernen-in-muenchen-von-a1-bis-c2-251x300.webp 251w, https:\/\/www.sprachschule-aktiv-muenchen.de\/studieren-in-muenchen\/wp-content\/uploads\/2022\/07\/deutsch-lernen-in-muenchen-von-a1-bis-c2.webp 300w\" sizes=\"(max-width: 251px) 100vw, 251px\" \/><\/a>\n<h2>Relaxen im Gr\u00fcnen in M\u00fcnchen<\/h2>\n<p>Ausl\u00e4ndische Studenten m\u00fcssen nach einem anstrengenden Tag oder am Wochenende nicht unbedingt mit dem Zug eine Stunde lang ins Gr\u00fcne fahren, denn die Gr\u00fcnfl\u00e4chen liegen mitten in der Stadt. Mit dem Englischen Garten hat die Isarmetropole den gr\u00f6\u00dften innerst\u00e4dtischen Park Europas. Der perfekte Ort, um spazieren zu gehen, ein Picknick zu machen oder einfach in der Sonne zu d\u00f6sen. Ein weiterer Tipp ist der sogenannte Flaucher, ein Uferabschnitt an der Isar, der als M\u00fcnchens &#8220;Badestrand\u201c gilt. Sehr faszinierend und romantisch ist der Botanische Garten. Er zeigt eine gro\u00dfe Menge an seltenen und exotischen Pflanzen und erinnert manch einen ausl\u00e4ndischen Studenten vielleicht ein bisschen an seine Heimat. Auf jeden Fall kann man in diesen Parks optimal neue Energie tanken.<\/p>\n<h3>Weitere interessante Beitr\u00e4ge:<\/h3>\n<ul>\n<li><a href=\"https:\/\/www.sprachschule-aktiv-muenchen.de\/studieren-in-muenchen\/studium-in-muenchen\/\">Studium in M\u00fcnchen &#8211; was Sie erwartet\u00a0<\/a><\/li>\n<li><a href=\"https:\/\/www.sprachschule-aktiv-muenchen.de\/studieren-in-muenchen\/das-bildungssystem-in-deutschland\/\">Das Bildungssystem in Deutschland<\/a><\/li>\n<\/ul>\n","protected":false},"excerpt":{"rendered":"<p>Lebensqualit\u00e4t f\u00fcr ausl\u00e4ndische Studenten in M\u00fcnchen M\u00fcnchen gilt als kleine, aber feine Metropole. Das lockt Studenten aus dem In-und Ausland an. Obwohl die Stadt \u00fcberschaubar ist, sind die Attraktionen auf verschiedenen Ebenen zahlreich vertreten und der Lebensstandart ist in den Bereichen Freizeit, Kultur, Mobilit\u00e4t und Naturn\u00e4he sehr hoch. Breites Freizeit- und Kulturangebot f\u00fcr Studenten aus&hellip; <a class=\"read-more\" href=\"https:\/\/www.sprachschule-aktiv-muenchen.de\/studieren-in-muenchen\/warum-studieren-in-muenchen\/\" title=\"Read Warum studieren in M\u00fcnchen? &#8211; Vorteile f\u00fcr ausl\u00e4ndische Studenten\">Read more &raquo;<\/a><\/p>\n","protected":false},"author":2,"featured_media":0,"parent":0,"menu_order":0,"comment_status":"closed","ping_status":"closed","template":"","meta":{"footnotes":""},"class_list":["post-105","page","type-page","status-publish","hentry"],"yoast_head":"<!-- This site is optimized with the Yoast SEO plugin v21.4 - https:\/\/yoast.com\/wordpress\/plugins\/seo\/ -->\n<title>Warum studieren in M\u00fcnchen? - Erfahrungen<\/title>\n<meta name=\"description\" content=\"Die Stadt M\u00fcnchen bietet f\u00fcr ausl\u00e4ndische Studenten Attraktionen in den Bereichen Freizeit, Kultur, Mobilit\u00e4t und Naturn\u00e4he.\" \/>\n<meta name=\"robots\" content=\"index, follow, max-snippet:-1, max-image-preview:large, max-video-preview:-1\" \/>\n<link rel=\"canonical\" href=\"https:\/\/www.sprachschule-aktiv-muenchen.de\/studieren-in-muenchen\/warum-studieren-in-muenchen\/\" \/>\n<meta property=\"og:locale\" content=\"de_DE\" \/>\n<meta property=\"og:type\" content=\"article\" \/>\n<meta property=\"og:title\" content=\"Warum studieren in M\u00fcnchen? - Erfahrungen\" \/>\n<meta property=\"og:description\" content=\"Die Stadt M\u00fcnchen bietet f\u00fcr ausl\u00e4ndische Studenten Attraktionen in den Bereichen Freizeit, Kultur, Mobilit\u00e4t und Naturn\u00e4he.\" \/>\n<meta property=\"og:url\" content=\"https:\/\/www.sprachschule-aktiv-muenchen.de\/studieren-in-muenchen\/warum-studieren-in-muenchen\/\" \/>\n<meta property=\"og:site_name\" content=\"Studieren in M\u00fcnchen\" \/>\n<meta property=\"article:modified_time\" content=\"2022-07-12T05:31:47+00:00\" \/>\n<meta property=\"og:image\" content=\"https:\/\/www.sprachschule-aktiv-muenchen.de\/studieren-in-muenchen\/wp-content\/uploads\/2022\/07\/warum-studieren-in-muenchen-1024x512.webp\" \/>\n<meta name=\"twitter:card\" content=\"summary_large_image\" \/>\n<meta name=\"twitter:label1\" content=\"Gesch\u00e4tzte Lesezeit\" \/>\n\t<meta name=\"twitter:data1\" content=\"2\u00a0Minuten\" \/>\n<script type=\"application\/ld+json\" class=\"yoast-schema-graph\">{\"@context\":\"https:\/\/schema.org\",\"@graph\":[{\"@type\":\"WebPage\",\"@id\":\"https:\/\/www.sprachschule-aktiv-muenchen.de\/studieren-in-muenchen\/warum-studieren-in-muenchen\/\",\"url\":\"https:\/\/www.sprachschule-aktiv-muenchen.de\/studieren-in-muenchen\/warum-studieren-in-muenchen\/\",\"name\":\"Warum studieren in M\u00fcnchen? - Erfahrungen\",\"isPartOf\":{\"@id\":\"https:\/\/www.sprachschule-aktiv-muenchen.de\/studieren-in-muenchen\/#website\"},\"datePublished\":\"2022-07-12T05:13:34+00:00\",\"dateModified\":\"2022-07-12T05:31:47+00:00\",\"description\":\"Die Stadt M\u00fcnchen bietet f\u00fcr ausl\u00e4ndische Studenten Attraktionen in den Bereichen Freizeit, Kultur, Mobilit\u00e4t und Naturn\u00e4he.\",\"breadcrumb\":{\"@id\":\"https:\/\/www.sprachschule-aktiv-muenchen.de\/studieren-in-muenchen\/warum-studieren-in-muenchen\/#breadcrumb\"},\"inLanguage\":\"de\",\"potentialAction\":[{\"@type\":\"ReadAction\",\"target\":[\"https:\/\/www.sprachschule-aktiv-muenchen.de\/studieren-in-muenchen\/warum-studieren-in-muenchen\/\"]}]},{\"@type\":\"BreadcrumbList\",\"@id\":\"https:\/\/www.sprachschule-aktiv-muenchen.de\/studieren-in-muenchen\/warum-studieren-in-muenchen\/#breadcrumb\",\"itemListElement\":[{\"@type\":\"ListItem\",\"position\":1,\"name\":\"Startseite\",\"item\":\"https:\/\/www.sprachschule-aktiv-muenchen.de\/studieren-in-muenchen\/\"},{\"@type\":\"ListItem\",\"position\":2,\"name\":\"Warum studieren in M\u00fcnchen? &#8211; Vorteile f\u00fcr ausl\u00e4ndische Studenten\"}]},{\"@type\":\"WebSite\",\"@id\":\"https:\/\/www.sprachschule-aktiv-muenchen.de\/studieren-in-muenchen\/#website\",\"url\":\"https:\/\/www.sprachschule-aktiv-muenchen.de\/studieren-in-muenchen\/\",\"name\":\"Studieren in M\u00fcnchen\",\"description\":\"\",\"potentialAction\":[{\"@type\":\"SearchAction\",\"target\":{\"@type\":\"EntryPoint\",\"urlTemplate\":\"https:\/\/www.sprachschule-aktiv-muenchen.de\/studieren-in-muenchen\/?s={search_term_string}\"},\"query-input\":\"required name=search_term_string\"}],\"inLanguage\":\"de\"}]}<\/script>\n<!-- \/ Yoast SEO plugin. -->","yoast_head_json":{"title":"Warum studieren in M\u00fcnchen? - Erfahrungen","description":"Die Stadt M\u00fcnchen bietet f\u00fcr ausl\u00e4ndische Studenten Attraktionen in den Bereichen Freizeit, Kultur, Mobilit\u00e4t und Naturn\u00e4he.","robots":{"index":"index","follow":"follow","max-snippet":"max-snippet:-1","max-image-preview":"max-image-preview:large","max-video-preview":"max-video-preview:-1"},"canonical":"https:\/\/www.sprachschule-aktiv-muenchen.de\/studieren-in-muenchen\/warum-studieren-in-muenchen\/","og_locale":"de_DE","og_type":"article","og_title":"Warum studieren in M\u00fcnchen? - Erfahrungen","og_description":"Die Stadt M\u00fcnchen bietet f\u00fcr ausl\u00e4ndische Studenten Attraktionen in den Bereichen Freizeit, Kultur, Mobilit\u00e4t und Naturn\u00e4he.","og_url":"https:\/\/www.sprachschule-aktiv-muenchen.de\/studieren-in-muenchen\/warum-studieren-in-muenchen\/","og_site_name":"Studieren in M\u00fcnchen","article_modified_time":"2022-07-12T05:31:47+00:00","og_image":[{"url":"https:\/\/www.sprachschule-aktiv-muenchen.de\/studieren-in-muenchen\/wp-content\/uploads\/2022\/07\/warum-studieren-in-muenchen-1024x512.webp"}],"twitter_card":"summary_large_image","twitter_misc":{"Gesch\u00e4tzte Lesezeit":"2\u00a0Minuten"},"schema":{"@context":"https:\/\/schema.org","@graph":[{"@type":"WebPage","@id":"https:\/\/www.sprachschule-aktiv-muenchen.de\/studieren-in-muenchen\/warum-studieren-in-muenchen\/","url":"https:\/\/www.sprachschule-aktiv-muenchen.de\/studieren-in-muenchen\/warum-studieren-in-muenchen\/","name":"Warum studieren in M\u00fcnchen? - Erfahrungen","isPartOf":{"@id":"https:\/\/www.sprachschule-aktiv-muenchen.de\/studieren-in-muenchen\/#website"},"datePublished":"2022-07-12T05:13:34+00:00","dateModified":"2022-07-12T05:31:47+00:00","description":"Die Stadt M\u00fcnchen bietet f\u00fcr ausl\u00e4ndische Studenten Attraktionen in den Bereichen Freizeit, Kultur, Mobilit\u00e4t und Naturn\u00e4he.","breadcrumb":{"@id":"https:\/\/www.sprachschule-aktiv-muenchen.de\/studieren-in-muenchen\/warum-studieren-in-muenchen\/#breadcrumb"},"inLanguage":"de","potentialAction":[{"@type":"ReadAction","target":["https:\/\/www.sprachschule-aktiv-muenchen.de\/studieren-in-muenchen\/warum-studieren-in-muenchen\/"]}]},{"@type":"BreadcrumbList","@id":"https:\/\/www.sprachschule-aktiv-muenchen.de\/studieren-in-muenchen\/warum-studieren-in-muenchen\/#breadcrumb","itemListElement":[{"@type":"ListItem","position":1,"name":"Startseite","item":"https:\/\/www.sprachschule-aktiv-muenchen.de\/studieren-in-muenchen\/"},{"@type":"ListItem","position":2,"name":"Warum studieren in M\u00fcnchen? &#8211; Vorteile f\u00fcr ausl\u00e4ndische Studenten"}]},{"@type":"WebSite","@id":"https:\/\/www.sprachschule-aktiv-muenchen.de\/studieren-in-muenchen\/#website","url":"https:\/\/www.sprachschule-aktiv-muenchen.de\/studieren-in-muenchen\/","name":"Studieren in M\u00fcnchen","description":"","potentialAction":[{"@type":"SearchAction","target":{"@type":"EntryPoint","urlTemplate":"https:\/\/www.sprachschule-aktiv-muenchen.de\/studieren-in-muenchen\/?s={search_term_string}"},"query-input":"required name=search_term_string"}],"inLanguage":"de"}]}},"_links":{"self":[{"href":"https:\/\/www.sprachschule-aktiv-muenchen.de\/studieren-in-muenchen\/wp-json\/wp\/v2\/pages\/105","targetHints":{"allow":["GET"]}}],"collection":[{"href":"https:\/\/www.sprachschule-aktiv-muenchen.de\/studieren-in-muenchen\/wp-json\/wp\/v2\/pages"}],"about":[{"href":"https:\/\/www.sprachschule-aktiv-muenchen.de\/studieren-in-muenchen\/wp-json\/wp\/v2\/types\/page"}],"author":[{"embeddable":true,"href":"https:\/\/www.sprachschule-aktiv-muenchen.de\/studieren-in-muenchen\/wp-json\/wp\/v2\/users\/2"}],"replies":[{"embeddable":true,"href":"https:\/\/www.sprachschule-aktiv-muenchen.de\/studieren-in-muenchen\/wp-json\/wp\/v2\/comments?post=105"}],"version-history":[{"count":4,"href":"https:\/\/www.sprachschule-aktiv-muenchen.de\/studieren-in-muenchen\/wp-json\/wp\/v2\/pages\/105\/revisions"}],"predecessor-version":[{"id":130,"href":"https:\/\/www.sprachschule-aktiv-muenchen.de\/studieren-in-muenchen\/wp-json\/wp\/v2\/pages\/105\/revisions\/130"}],"wp:attachment":[{"href":"https:\/\/www.sprachschule-aktiv-muenchen.de\/studieren-in-muenchen\/wp-json\/wp\/v2\/media?parent=105"}],"curies":[{"name":"wp","href":"https:\/\/api.w.org\/{rel}","templated":true}]}}